8 - -1)?
-11
Calculate -2 + 2 + 0 + (236 - 227).
9
-4 + (-2 - -9 - -6)
9
What is 2 + 0 + -2 + -10 + 4?
-6
What is (5 - -3) + -14 - -2?
-4
20 + -16 + 1 + -2
3
-8 - -10 - (1 - -5)
-4
4 + (1 - 1) + -2
2
What is (-3 - -4) + (-5 - -8)?
4
What is (-5 - -1 - -4) + 3?
3
Evaluate -5 - (1 - (13 + -1)).
6
What is -3 - -1 - (-38 - -34)?
2
What is the value of -6 - (0 - (-4 - -5))?
-5
Calculate -4 - 2 - (0 - 6) - -5.
5
What is 4 - (0 + (0 + -1 - -3))?
2
Evaluate (24 - 8) + -8 + 5 + -8.
5
What is -4 + -8 + 10 + 4?
2
-4 - (0 + (-1 - -2 - 1))
-4
Calculate 7 - 5 - 2 - (4 + 1).
-5
Calculate 1 + 0 + (7 - 3).
5
What is the value of -4 + (1 + (3 - -2) - -3)?
5
What is -10 + -11 + 4 + 7 + 2?
-8
What is the value of -1 - ((8 - 9) + (1 - 0))?
-1
-13 + 7 + -2 - (-20 + 2)
10
Evaluate 0 + (-12 - -12) + 1 + 4.
5
Calculate -8 - (5 - (2 + 8 + -8)).
-11
What is 0 + 3 - (1 - -3)?
-1
0 - (-4 + (5 - (0 + -7)))
-8
What is (3 - 5 - 3) + 2 - -7?
4
Evaluate 3 - ((-1 - 1) + 6 + -5).
4
2 - (2 + 2 - -3 - 1)
-4
(-4 - 0) + 1 - 0
-3
Calculate 5 - 1 - -5 - -1.
10
Evaluate 3 - -3 - -2 - 5.
3
-1 - 0 - 9 - -7
-3
Evaluate (16 - 8) + -3 - 7.
-2
What is the value of (4 - 0) + 5 + -13 + 2?
-2
Evaluate 5 - (12 + -1 + -4).
-2
What is (3 - 3 - -1) + (-11 - -5)?
-5
(-2 - 15) + 4 + 9
-4
(1 - 7) + 31 + -32
-7
10 + (-2 - 6) + 1 - 3
0
What is 3 + -6 - (-2 - 4)?
3
Evaluate (-3 - 3 - -7) + 1 + -1.
1
Evaluate -1 - (2 - -4) - -13.
6
What is the value of (-16 - -8) + 7 + 2?
1
1 + -3 + 4 + -6
-4
What is the value of (1 - -7) + 4 + -7?
5
Calculate 8 + 4 + -9 + 0.
3
What is 8 + -3 + 2 - -3 - 7?
3
-3 + 1 + -4 + 1
-5
What is the value of 4 + (25 - 34) + (0 - -6)?
1
Calculate -2 + 1 - (10 + -9).
-2
What is the value of 8 - (-2 - -5) - 2?
3
Evaluate (2 - (-1 + 0)) + -3 - -1.
1
Evaluate -11 + 16 - (-1 + 10) - -3.
-1
What is the value of 2 + 1 - (-2 + 4 + -1)?
2
Evaluate 8 + (4 - 7 - (0 + 14)).
-9
What is -5 + (10 + -4 + -1 - -1)?
1
What is the value of (-4 - (2 - 3)) + (5 - 4)?
-2
Calculate 4 + (0 - (3 - 0)).
1
Calculate 5 + (3 - 6) + 2.
4
-17 + 8 + 4 - (-1 - 2)
-2
What is -1 - (-12 - -6 - -9)?
-4
What is (-9 - (10 + -10)) + 16?
7
What is 12 + -18 - (0 + 3 + -1)?
-8
Calculate 4 + (-3 - -6) + -8.
-1
Evaluate -103 + 110 - (-1 + -1 + 2).
7
What is the value of 9 - (-6 - (-4 + -1 - 5))?
5
What is the value of 1 + (-2 + -1 - -3)?
1
What is the value of 9 - (-3 + 7 + 3)?
2
Calculate 9 + 3 + 1 + 3 + -12.
4
Calculate -9 + 3 - -22 - 9.
7
Evaluate -6 + 7 + 6 - (1 - -4).
2
What is the value of -8 - -11 - (0 + (1 - 2))?
4
9 + 0 - (-52 + 55)
6
0 - (1 - (2 + -2 + 1))
0
Calculate 4 + (-4 - (1 - -3)).
-4
What is the value of -7 - ((5 - -2 - 4) + -4)?
-6
Calculate 2 - (0 - -3 - (-7 - -6)).
-2
Calculate -1 - -8 - ((-20 - -11) + 20).
-4
What is the value of 126 + -133 + (12 - 0 - -2)?
7
Calculate -5 + -1 - (-3 - -2).
-5
Calculate -3 + -2 + (-2 - -1) + 1.
-5
Evaluate -1 - (5 + -3 + 1 - 3).
-1
What is the value of -4 + 0 + -4 + 6?
-2
What is 1 - (-3 + (-3 - (-8 + 3)))?
2
Calculate -3 - (-5 - -5 - 7).
4
Evaluate -5 + 1 + (-5 - -9) - -2.
2
What is -8 - (-13 - -3) - -4?
6
3 - ((0 - -8) + -10 + 9)
-4
Calculate (13 - (14 + -7)) + -13.
-7
(5 - -3 - (6 + -2)) + -9
-5
Evaluate 0 + (1 - -1) + -7 + 3.
-2
Calculate (-18 - -12) + 15 + -8.
1
(-8 - -6) + -9 - -20
9
What is 5 + 2 + -2 + 0?
5
-6 + (-4 - -19) - 8
1
What is (0 + 1 - (-2 + 5)) + -2?
-4
What is 14 + -13 + 0 + 0 + 1?
2
What is 3 + 4 + -1 - (1 + 1)?
4
What is the value of -22 - -26 - (0 + 3)?
1
0 + 0 - (1 + (11 - 11))
-1
Evaluate (19 + -14 - 6) + (2 - 0).
1
Calculate -2 + -1 + 7 + -4 + 1.
1
What is (-3 - (1 - -2)) + -1 + 8?
1
What is 4 + (6 - 13 - 1)?
-4
Evaluate 5 - (-13 - -10 - (-10 + 0)).
-2
14 + -15 + 10 + 1
10
What is the value of -7 - -7 - 1 - (4 - 12)?
7
Calculate (4 - 0) + 6 + -7 + -2.
1
Evaluate -22 + 7 - -6 - -6.
-3
Evaluate -2 + (5 - 2) + (3 - 3).
1
Evaluate -6 + (3 - -8) + -4.
1
7 + -2 + -6 + 6 - 6
-1
What is 2 + (6 + -2 - (2 - -4))?
0
What is the value of -2 + (-3 - (3 - 7)) + -3?
-4
Evaluate (0 - (4 - 3)) + (-1 - 4).
-6
Evaluate (-1 - (9 - 6)) + (1 - 3).
-6
Calculate 0 + (-6 - (2 + 1 - 4)).
-5
What is -1 - (-9 + 4) - 3?
1
What is the value of -4 + (0 + -3 - -2)?
-5
Evaluate 93 - 80 - (0 - -20).
-7
Calculate 0 + (-15 - -19 - (-1 - -3)).
2
Calculate 13 - (-2 + 7) - 6.
2
What is the value of 8 + -11 + 12 - 8?
1
What is the value of 0 + (-11 - -6) + 10?
5
Evaluate 1 + 5 + 2 + -4.
4
Calculate 6 + (-1 - -4) + -13.
-4
What is the value of (-1 - -6) + -15 + -12 + 26?
4
Calculate (-1 - 0) + (-5 - -1) + 1.
-4
-93 - -107 - (1 + 7)
6
What is (-2 - 0) + 4 + -5?
-3
-10 + 12 + -7 + 3
-2
Calculate -5 + 1 + (-1 - -4) + -3.
-4
What is the value of -3 - (-4 + 3) - (-6 + 0)?
4
What is 4 + -1 - (-19 + 22) - -3?
3
What is -9 - (7 + -16 + -5) - 5?
0
Calculate 8 - (0 + 1 + 2).
5
Evaluate (0 - -2) + (0 - -1).
3
What is (-2 - 0) + -16 + 12 - 1?
-7
What is the value of 1 + -5 + 8 - 3 - -2?
3
What is -7 - -2 - (-7 + -4 - -10)?
-4
-3 + (5 - (-8 + 6))
4
Calculate -3 - -3 - (-6 + 5).
1
What is the value of -1 - (-3 + 1 + -1)?
2
What is (-28 - -31) + (-1 - 5) + 1?
-2
Evaluate -7 + 5 - (-2 - -4).
-4
What is the value of 4 - (8 + -1) - -4 - 2?
-1
What is the value of -9 - (8 - 8) - 0?
-9
What is the value of 5 - 8 - (-5 - 1 - 1)?
4
-5 - (-1 - (1 - (-2 + 4)))
-5
What is -8 - (3 + -4 + -12)?
5
Calculate (15 - 6) + (-10 - (-5 - 1)).
5
Evaluate -3 + -3 + -4 + 3 + 7.
0
3 + -1 + -4 - 5
-7
What is the value of (10 - 7) + -1 + 1 + 1?
4
What is -2 - -6 - (9 - 2)?
-3
Evaluate -3 + (-1 - 4 - (1 - 11)).
2
What is -3 + (-5 - -1) + 8?
1
Calculate 1 + -1 + (-5 + -11 - -17).
1
Calculate -42 + 35 - (1 + 0 + -15).
7
5 + -1 - 2 - (-20 + 18)
4
Calculate -1 + 0 + -2 - (164 - 164).
-3
Evaluate 56 - 53 - (-3 - -1 - 5).
10
What is 1 + -4 + -3 + (-5 - -11)?
0
Evaluate -1 + (-2 - (-10 + 5 - -1)).
1
Calculate -4 + (4 + 2 - -3).
5
What is 4 + (-1 + -1 - 4) + -3?
-5
What is -7 - -7 - -4 - 0?
4
What is the value of (0 - 0) + 19 + -17?
2
Calculate 2 - (3 - (6 - (3 - 2))).
4
Calculate -6 - -1 - (0 + -2 + 1).
-4
Calculate (-28 - -29) + -1 + 1.
1
-3 + -3 + 6 - -1
1
What is -1 + (1 - (3 - 5)) - -1?
3
Evaluate -15 - (-9 - -3) - -16.
7
What is 5 + 9 + -2 - 21?
-9
Evaluate (6 + -1 - 0) + 0.
5
Evaluate 2 - (-3 - (-8 - -4) - -6).
-5
What is -4 + (2 - 2) - -3?
-1
What is the value of 9 + (0 - 4) + -1?
4
What is the value of 2 + -2 - (-2 + 4 + 3)?
-5
What is 14 - (25 + -9) - 1?
-3
(-4 - -5) + (31 - 24)
8
What is the value of 2 + -2 + (0 - 1) + 3?
2
Calculate (11 - 14) + (-1 - -2 - 0).
-2
Calculate 2 + 4 + (-4 - -2).
4
Calculate -2 + 0 - (-2 - -6).
-6
Evaluate 3 - ((1 + 3 - 2) + 10).
-9
Calculate 47 - 52 - (-1 + (2 - 13)).
7
Evaluate 0 + -3 + 5 - 5 - -6.
3
What is the value of (-18 - -18) + -4 + (0 - -1)?
-3
Evaluate -1 + (4 + -2 - 1) - -1.
1
What is -4 + 1 - (1 - 9 - 1)?
6
What is the value of -12 + -3 + 2 + 19?
6
6 + -3 + 2 + (-2 - 5)
-2
What is the value of -1 - (-3 + 2 - (-2 - -4))?
2
Evaluate 0 + 10 - (6 + (9 - 13)).
8
-3 + -1 + -2 - -5
-1
What is the value of -1 + 4 + 0 + 2?
5
-2 - -1 - (-4 + 6)
-3
What is the value of (-4 - -5) + (2 - (-4 + 9))?
-2
What is the value of -10 + 10 + -9 + 16?
7
Calculate 5 - 2 - 0 - 0.
3
Evaluate (4 - 3) + 11 + -8.
4
What is (0 - -3) + (8 - 8)?
3
What is 7 + (-6 - (-8 + 14))?
-5
Evaluate 10 + -18 + 5 + 2 + 8.
7
What is -3 + 4 + (3 - 5)?
-1
What is the value of 43 - 43 - (-1 + 1)?
0
What is the value of -2 - (-9 - 4 - -2) - 4?
5
What is the value of (10 - 3) + -4 - 4?
-1
Evaluate -2 - (-2 + 5 + (0 - 1)).
-4
What is the value of -4 + (6 - (5 - 3))?
0
What is (94 - 101) + (0 - -10)?
3
Evaluate 0 - (5 - (5 - -3)) - 4.
-1
What is the value of 0 + -3 - (4 + -6 + -6)?
5
Calculate -3 - (-13 - (-7 - -4)).
7
What is (-4 - 3) + 2 + 1?
-4
-4 - (3 - 5) - -5
3
Evaluate (4 - (2 - -8)) + 3.
-3
What is the value of -5 - ((1 - -1) + -1)?
-6
What is the value of 0 - 5 - (4 - 6)?
-3
What is -4 + 11 + -16 - 0?
-9
What is the value of (-5 - (-1 - (5 - 4))) + 1?
-2
What is 2 + (4 - 3) + 0 - 2?
1
What is the value of (19 - 38) + 22 + (7 - 1)?
9
What is the value of (-1 - -1) + (-10 - -15) - 7?
-2
Calculate 11 + -1 + (-5 - -4).
9
Calculate -2 + (-11 - -22) + (3 - 7).
5
What is the value of (6 - (1 - -6)) + (2 - 4)?
-3
What is the value of -1 + (5 - 2 - 4) - -10?
8
Evaluate -18 + 12 - (-1 + -1).
-4
What is the value of 4 - (13 + -3 + -3